5 + -15. Let p be 4/(-10) + 326/k. Let n = -20 - p. What is the units digit of n?
3
Let h(v) = 2*v**2 + 2*v + 1. What is the units digit of h(4)?
1
Let y be (-27)/(-6) + 2/(-4). Let x = 11 + y. What is the tens digit of x?
1
Let s(t) = -t**3 + 5*t**2 + 2*t + 2. What is the tens digit of s(5)?
1
Let o = 38 - 53. What is the units digit of 8/6 + (-10)/o?
2
Let o(q) = 4*q**3 + 9*q**2 - 13*q + 4. Let f(d) = -3*d**3 - 9*d**2 + 12*d - 4. Let i(c) = -3*f(c) - 2*o(c). Let j = -16 + 6. What is the units digit of i(j)?
4
Let g = -2 + 8. Let n(o) = -36*o + 8. Let s be n(g). What is the units digit of (-2)/(-6) + s/(-24)?
9
Let c(x) = x**3 + 7*x**2 + 7*x + 9. Let a be c(-6). Suppose -6 = -a*n, -2*n - 86 = 2*u - 7*u. What is the units digit of u?
8
Suppose 0 = 7*a - 3*a - 16. What is the units digit of 6/a*56/12?
7
Let n = 37 + -12. What is the units digit of n?
5
Let o(f) = 2*f - 5. Let s be o(4). Suppose -2*g - 4*d + 11 + 7 = 0, -5*g + 2*d = -57. Let p = g - s. What is the units digit of p?
8
Suppose 1 = z + 3. Let u = 9 - z. What is the tens digit of u?
1
Suppose 5*o + 116 = 2*j, -128 = -2*j - 3*o + 20. What is the tens digit of j?
6
Let k = 6 + -5. Let z = 3 - k. Suppose 2*v - 36 = 3*g + z*g, 4*g = 2*v - 34. What is the tens digit of v?
1
Suppose 4*c - 42 = o + 131, 41 = c + 2*o. What is the tens digit of c?
4
Suppose 2*f + f + 9 = 0. Let p = f - -5. Suppose p = 2*l + d + 2*d, 5*l - 43 = 2*d. What is the units digit of l?
7
Let k(a) = a**2 + 11*a - 7. Let h be k(-11). Let z(c) = -4*c - 14. What is the units digit of z(h)?
4
Let g = 10 + 2. Suppose 0*d + d = 2*n - g, 3*d + 11 = n. Suppose -5 = -n*s + 30. What is the units digit of s?
7
Let o(h) = h**2 + 3*h + 2. Let t be o(-2). Suppose t - 6 = -2*d. Suppose 2*v = -d*v + 10. What is the units digit of v?
2
Let v(a) = -6*a + 2. Let l = -7 - -5. Let p(i) = -i**2 + 2. Let h be p(l). What is the tens digit of v(h)?
1
Let t = -189 + 474. What is the tens digit of t?
8
Suppose 3*o - 27 = 3*y, 5*y = -o - 3*o - 9. Let f(p) be the first derivative of p**4/4 - p**3 - 3*p**2/2 - 3*p + 1. What is the units digit of f(o)?
1
Let u = 1 + 15. Suppose 0 = -5*f + 3*r - 0*r + u, 0 = f - r - 2. What is the units digit of f?
5
Let u(m) be the third derivative of -3*m**4/4 + m**3/6 - 11*m**2. Let n be (-25)/15 - (-4)/6. What is the tens digit of u(n)?
1
Suppose -5*q - 29 = -3*x, 6*q - q = -x - 17. What is the units digit of x*(10/(-6) + 3)?
4
Let f = 11 - -16. What is the units digit of f?
7
Suppose 0 = 3*c - 4*c + 30. What is the units digit of c?
0
Suppose k = 1, -3*q + 620 = 2*q - 5*k. What is the units digit of q?
5
Let s = -4 - -4. Suppose 2*h + s = -6. What is the units digit of 3*(h - -1 - -4)?
6
Let q(k) be the first derivative of k**4/4 + 10*k**3/3 - 11*k**2/2 - 15*k - 3. Let r be q(-11). Let g = -8 - r. What is the units digit of g?
7
Let k(n) = n**3 + 6*n**2 + 5*n + 5. Let i be k(-5). Suppose w = i*w - 48. What is the units digit of w?
2
Let k be -1 - -1 - (-6 + 4). Suppose 6*i = k*i + 44. What is the tens digit of i?
1
Let a(o) = -14*o**2 - o - 1. Let v(h) = -14*h**2 - h - 1. Let z(i) = -4*a(i) + 3*v(i). What is the tens digit of z(-1)?
1
Suppose 2*f = -2*f + 104. What is the tens digit of f?
2
Suppose -3*o = 2*r - 135, 3*r + 5*o - 190 = 3*o. What is the units digit of r?
0
Let z = 29 - 60. Let f = z + 59. What is the units digit of f?
8
Let q = 7 + 10. What is the tens digit of q?
1
Let t = 106 - 64. Suppose 5*r - t = 2*r. What is the units digit of r?
4
Let h(k) = -k**3 - k**2 - k + 16. What is the tens digit of h(0)?
1
Suppose 2*g = 7*g. Let j = 10 - g. What is the tens digit of j?
1
Let z = -2 - -4. What is the units digit of (((-44)/(-1))/z)/1?
2
Let l(p) be the third derivative of p**5/30 + p**4/8 - p**3/2 - p**2. What is the units digit of l(-3)?
6
Suppose 1 = 5*q + 5*j + 11, j + 4 = 0. What is the tens digit of q*(-30)/(-8)*2?
1
Let i = 25 - 8. What is the units digit of i?
7
Suppose -2*h - 203 = -3*n, -n = n + 5*h - 110. What is the units digit of n?
5
Let q(s) = 8*s**2 - 3*s + 3. Let u be q(2). Let l = -16 + u. What is the tens digit of l?
1
Let i be (-5 + 8)*4/6. Suppose -i*x - 1 = -3. What is the units digit of x?
1
Suppose -2*x + 0*u + 53 = -u, 4*u = -4*x + 76. Suppose 2 = -t + x. What is the tens digit of t?
2
Suppose p = 2*x - 4*p - 171, 2*x = -2*p + 164. What is the tens digit of x?
8
Let x = -36 - -25. Let y = x + 41. What is the tens digit of y?
3
Suppose 16 = 3*m - 44. Suppose 0 = w + 4*w + m. Let v = -1 - w. What is the units digit of v?
3
What is the tens digit of 0/(-12) + (0 - -27)?
2
Suppose 0 = 4*m + 12, -i - 2 + 12 = -3*m. Let q(w) = w**2 + 0 - i + 6*w - 7. What is the units digit of q(-8)?
8
Let m = 38 - 5. What is the units digit of m?
3
Let j = -3 - -1. Let w = -3 + 3. Let c = w - j. What is the units digit of c?
2
Let c = 8 - 4. Suppose -2*d = -c*d + 3*m - 2, 5*m = 5*d. What is the units digit of d?
2
Suppose 2*w = -2*w - 32. What is the units digit of (-42)/(-4) - 4/w?
1
Suppose -10 = 2*r - 4*r. Suppose 5*g + r*c - 115 = 0, 0 = -2*g + 2*c + 45 + 1. Suppose 25 + g = 3*s. What is the units digit of s?
6
Let n = -11 + 13. Suppose -n*w - 5*t + 75 = 0, -4*w + 8 = -t - 131. What is the tens digit of w?
3
What is the tens digit of -3 + ((-1)/1 + 62)*4?
4
Let l(j) = j**2 - 5*j - 9. Let a be l(7). Suppose -a*x + 3*u + 2*u + 180 = 0, 0 = 5*x + 3*u - 212. What is the units digit of x?
0
Let t be (0/1)/(2 + -4). Let b be 4/4 - (-5 - t). What is the units digit of ((-4)/6)/(-2)*b?
2
Suppose 214 - 58 = 4*g. What is the tens digit of g?
3
What is the tens digit of (59 - 2) + 1 - -5?
6
Suppose -15 = 6*k - k. Let o = k - -11. What is the units digit of o?
8
Suppose -4*n = -5*x + 410, -2*x - n - 339 = -6*x. What is the units digit of x?
6
Let m be (-3)/((6/28)/1). Let g be -7 + (0/(-2))/2. What is the units digit of 4/m + (-16)/g?
2
Let s(f) = 4*f - 1. Let y = -10 + 16. What is the tens digit of s(y)?
2
Suppose -4*d + 27 = -4*x - 173, -3*x - 129 = 4*d. Let s be 1272/(-42) - 4/(-14). Let g = s - x. What is the units digit of g?
7
Let z = 1 - 1. Let j = 13 + -12. Let n = j - z. What is the units digit of n?
1
Suppose 20 = -3*j - 40. Let a be j/3 + 4/6. What is the units digit of 1*-2*(4 + a)?
4
Let p(s) = s**2 - 2*s. Let c be p(3). Suppose -2 = -q - c*w, -3*q - 5*w + 3 = -23. What is the units digit of q?
7
Suppose -w + 4*w = 18. Let d(f) = -f**2 - 2*f - 2. Let i be d(-2). What is the units digit of i/3 - (-40)/w?
6
Let b = 22 + -16. Suppose 38 = 4*x - b. What is the units digit of x?
1
Suppose -6*p + 820 + 152 = 0. What is the units digit of p?
2
Let n(v) = -v**3 - 8*v**2 - 8*v + 3. Suppose 18 = -4*o - 10. Let y be n(o). Suppose p + 0*p = y. What is the units digit of p?
0
Let x(m) be the first derivative of m**3/3 + 3*m**2 + m + 3. What is the tens digit of x(-9)?
2
Let o(g) be the first derivative of -g**4/4 - 10*g**3/3 - 5*g**2 - 8*g + 2. Let h be o(-9). What is the units digit of 4 + -3 + 4*h?
5
Let i = 3 + 2. Suppose -i*o + 21 = 4*b - 6, 2*o - b - 3 = 0. Suppose -3*p + 3 = -r, 16 = r + p + o. What is the units digit of r?
9
Let h be 1/(-2) - 44/(-8). Suppose h = -5*j + 30. Suppose -u = -j*d - 27, 0 = 5*u - 2*d - 11 - 55. What is the units digit of u?
2
Suppose -2*u + 12 = 2*s - 4*u, -4*s = -2*u - 14. Let a(w) = 14*w**3 - 2*w**2 + 1. Let t be a(s). Let p = 20 - t. What is the units digit of p?
7
Let l = 273 + -179. What is the units digit of l?
4
Let c(o) = 3*o**2 + 8*o - 23. What is the tens digit of c(-12)?
1
Suppose 3*n = 54 + 60. What is the tens digit of n?
3
Suppose -3*l + 20 = 5*a + l, -3*l = 0. Suppose -4*d - 6 - 56 = -2*r, -67 = a*d + 3*r. What is the tens digit of (d/(-5))/(5/25)?
1
Let y(n) = -n**3 - 9*n**2 + n + 10. Let l be y(-9). Let t = 7 - l. What is the units digit of t?
6
Suppose 2 = 5*n - 8. Suppose 2*a + 46 = 2*c, 5*c - 110 = 2*a + n*a. What is the units digit of c?
8
Suppose f = -u - 1, 5*f - 1 = u - 0. Let z = 8 + f. What is the units digit of z?
8
Suppose -z - z + 24 = 0. Suppose 0 = 2*n - 0 - z. What is the units digit of n?
6
Let v(j) = -j**3 - 6*j**2 - j + 4. Let x be v(-6). Let f(r) = r**2 - 10*r + 2. What is the units digit of f(x)?
2
Let l(s) be the second derivative of s**4/12 + 5*s**3/6 + 5*s**2 - 4*s. What is the tens digit of l(-6)?
1
What is the units digit of